{"id":1928,"date":"2021-04-17T13:41:30","date_gmt":"2021-04-17T13:41:30","guid":{"rendered":"http:\/\/www.kgzig.agh.edu.pl\/?page_id=1928"},"modified":"2026-03-31T08:47:08","modified_gmt":"2026-03-31T08:47:08","slug":"msc-thesis-2022","status":"publish","type":"page","link":"https:\/\/www.kgzig.agh.edu.pl\/?page_id=1928&lang=en","title":{"rendered":"MSc-thesis-2022"},"content":{"rendered":"\t\t<div data-elementor-type=\"wp-page\" data-elementor-id=\"1928\" class=\"elementor elementor-1928\">\n\t\t\t\t\t\t<section class=\"elementor-section elementor-top-section elementor-element elementor-element-82daaa4 spis_tematow elementor-section-boxed elementor-section-height-default elementor-section-height-default\" data-id=\"82daaa4\" data-element_type=\"section\" data-e-type=\"section\">\n\t\t\t\t\t\t<div class=\"elementor-container elementor-column-gap-default\">\n\t\t\t\t\t<div class=\"elementor-column elementor-col-25 elementor-top-column elementor-element elementor-element-a050418\" data-id=\"a050418\" data-element_type=\"column\" data-e-type=\"column\">\n\t\t\t<div class=\"elementor-widget-wrap\">\n\t\t\t\t\t\t\t<\/div>\n\t\t<\/div>\n\t\t\t\t<div class=\"elementor-column elementor-col-50 elementor-top-column elementor-element elementor-element-32d7302\" data-id=\"32d7302\" data-element_type=\"column\" data-e-type=\"column\">\n\t\t\t<div class=\"elementor-widget-wrap elementor-element-populated\">\n\t\t\t\t\t\t<div class=\"elementor-element elementor-element-5a7244d elementor-widget elementor-widget-toggle\" data-id=\"5a7244d\" data-element_type=\"widget\" data-e-type=\"widget\" data-widget_type=\"toggle.default\">\n\t\t\t\t<div class=\"elementor-widget-container\">\n\t\t\t\t\t\t\t<div class=\"elementor-toggle\">\n\t\t\t\t\t\t\t<div class=\"elementor-toggle-item\">\n\t\t\t\t\t<div id=\"elementor-tab-title-9481\" class=\"elementor-tab-title\" data-tab=\"1\" role=\"button\" aria-controls=\"elementor-tab-content-9481\" aria-expanded=\"false\">\n\t\t\t\t\t\t\t\t\t\t\t\t<span class=\"elementor-toggle-icon elementor-toggle-icon-left\" aria-hidden=\"true\">\n\t\t\t\t\t\t\t\t\t\t\t\t\t\t\t<span class=\"elementor-toggle-icon-closed\"><i class=\"fas fa-caret-right\"><\/i><\/span>\n\t\t\t\t\t\t\t\t<span class=\"elementor-toggle-icon-opened\"><i class=\"elementor-toggle-icon-opened fas fa-caret-up\"><\/i><\/span>\n\t\t\t\t\t\t\t\t\t\t\t\t\t<\/span>\n\t\t\t\t\t\t\t\t\t\t\t\t<a class=\"elementor-toggle-title\" tabindex=\"0\">dr hab. in\u017c Barbara Bielowicz, prof. AGH<\/a>\n\t\t\t\t\t<\/div>\n\n\t\t\t\t\t<div id=\"elementor-tab-content-9481\" class=\"elementor-tab-content elementor-clearfix\" data-tab=\"1\" role=\"region\" aria-labelledby=\"elementor-tab-title-9481\"><p><b>Economic Geology<br \/><\/b><\/p><table border=\"0\" cellpadding=\"0\" cellspacing=\"0\" width=\"428\" style=\"width: 321pt;\"><colgroup> <col width=\"428\" style=\"mso-width-source: userset; mso-width-alt: 13696; width: 321pt;\" \/> <\/colgroup><tbody><tr height=\"60\" style=\"height: 45.0pt;\"><td height=\"60\" class=\"xl67\" width=\"428\" style=\"height: 45.0pt; width: 321pt;\">1. Chemical and mineralogical composition of selected fractions of bottom ashes from the Thermal Waste Treatment Plant in Krak\u00f3w<\/td><\/tr><tr height=\"40\" style=\"height: 30.0pt;\"><td height=\"40\" class=\"xl67\" width=\"428\" style=\"height: 30.0pt; width: 321pt;\">2. Analysis of the petrographic composition of lignite from Szczerc\u00f3w deposit<\/td><\/tr><tr height=\"40\" style=\"height: 30.0pt;\"><td height=\"40\" class=\"xl67\" width=\"428\" style=\"height: 30.0pt; width: 321pt;\">3. Analysis of the petrographic composition of coal from a selected deposit.<\/td><\/tr><\/tbody><\/table><\/div>\n\t\t\t\t<\/div>\n\t\t\t\t\t\t\t<div class=\"elementor-toggle-item\">\n\t\t\t\t\t<div id=\"elementor-tab-title-9482\" class=\"elementor-tab-title\" data-tab=\"2\" role=\"button\" aria-controls=\"elementor-tab-content-9482\" aria-expanded=\"false\">\n\t\t\t\t\t\t\t\t\t\t\t\t<span class=\"elementor-toggle-icon elementor-toggle-icon-left\" aria-hidden=\"true\">\n\t\t\t\t\t\t\t\t\t\t\t\t\t\t\t<span class=\"elementor-toggle-icon-closed\"><i class=\"fas fa-caret-right\"><\/i><\/span>\n\t\t\t\t\t\t\t\t<span class=\"elementor-toggle-icon-opened\"><i class=\"elementor-toggle-icon-opened fas fa-caret-up\"><\/i><\/span>\n\t\t\t\t\t\t\t\t\t\t\t\t\t<\/span>\n\t\t\t\t\t\t\t\t\t\t\t\t<a class=\"elementor-toggle-title\" tabindex=\"0\">dr hab. in\u017c. Krzysztof Bukowski, prof. AGH<\/a>\n\t\t\t\t\t<\/div>\n\n\t\t\t\t\t<div id=\"elementor-tab-content-9482\" class=\"elementor-tab-content elementor-clearfix\" data-tab=\"2\" role=\"region\" aria-labelledby=\"elementor-tab-title-9482\"><p><span style=\"font-weight: bold;\">Economic Geology<\/span><\/p><table border=\"0\" cellpadding=\"0\" cellspacing=\"0\" width=\"428\" style=\"width: 321pt;\"><tbody><tr height=\"60\" style=\"height: 45.0pt;\"><td height=\"60\" width=\"428\" style=\"height: 45.0pt; width: 321pt;\">1. Geochemical comparison of Dead Sea salt clays and analogous Miocene and Zechstein deposits in Poland in the context of their potential applications in balneology and cosmetology<\/td><\/tr><\/tbody><\/table><\/div>\n\t\t\t\t<\/div>\n\t\t\t\t\t\t\t<div class=\"elementor-toggle-item\">\n\t\t\t\t\t<div id=\"elementor-tab-title-9483\" class=\"elementor-tab-title\" data-tab=\"3\" role=\"button\" aria-controls=\"elementor-tab-content-9483\" aria-expanded=\"false\">\n\t\t\t\t\t\t\t\t\t\t\t\t<span class=\"elementor-toggle-icon elementor-toggle-icon-left\" aria-hidden=\"true\">\n\t\t\t\t\t\t\t\t\t\t\t\t\t\t\t<span class=\"elementor-toggle-icon-closed\"><i class=\"fas fa-caret-right\"><\/i><\/span>\n\t\t\t\t\t\t\t\t<span class=\"elementor-toggle-icon-opened\"><i class=\"elementor-toggle-icon-opened fas fa-caret-up\"><\/i><\/span>\n\t\t\t\t\t\t\t\t\t\t\t\t\t<\/span>\n\t\t\t\t\t\t\t\t\t\t\t\t<a class=\"elementor-toggle-title\" tabindex=\"0\">dr hab. Jaroslav Prsek<\/a>\n\t\t\t\t\t<\/div>\n\n\t\t\t\t\t<div id=\"elementor-tab-content-9483\" class=\"elementor-tab-content elementor-clearfix\" data-tab=\"3\" role=\"region\" aria-labelledby=\"elementor-tab-title-9483\"><ol><li>Origin of zincian dolomites from the Selac area, Kosovo: supergene weathering or hypogene alteration; and implications for Zn-Pb exploration<\/li><li>Study on Pb-Zn-Ag carbonate-replaced mineralization from Janjevo, Vardar zone, Kosovo<\/li><li>Bismuth mineral association from Liden area, V\u00e4sterbotten, Sweden<\/li><li>Mineralogical study of Pb-Zn-Ag-Cu vein\/skarn-type mineralization from the Guajaraz mine near Toledo, Spain.<\/li><li>Compositional variation of dolomitic alteration as a possible exploration vector &#8211; the example of the San Jose deposit, Cantabria (Spain)<\/li><li>Mineralogy and origin of Sn-W bearing greisens from Sudety Mountains, Poland.\u00a0<\/li><li>Mineralogical study of Kupferschiefer type of mineralization: example from Wielowie\u015b area.<\/li><\/ol><\/div>\n\t\t\t\t<\/div>\n\t\t\t\t\t\t\t<div class=\"elementor-toggle-item\">\n\t\t\t\t\t<div id=\"elementor-tab-title-9484\" class=\"elementor-tab-title\" data-tab=\"4\" role=\"button\" aria-controls=\"elementor-tab-content-9484\" aria-expanded=\"false\">\n\t\t\t\t\t\t\t\t\t\t\t\t<span class=\"elementor-toggle-icon elementor-toggle-icon-left\" aria-hidden=\"true\">\n\t\t\t\t\t\t\t\t\t\t\t\t\t\t\t<span class=\"elementor-toggle-icon-closed\"><i class=\"fas fa-caret-right\"><\/i><\/span>\n\t\t\t\t\t\t\t\t<span class=\"elementor-toggle-icon-opened\"><i class=\"elementor-toggle-icon-opened fas fa-caret-up\"><\/i><\/span>\n\t\t\t\t\t\t\t\t\t\t\t\t\t<\/span>\n\t\t\t\t\t\t\t\t\t\t\t\t<a class=\"elementor-toggle-title\" tabindex=\"0\">dr in\u017c. Edyta Sermet<\/a>\n\t\t\t\t\t<\/div>\n\n\t\t\t\t\t<div id=\"elementor-tab-content-9484\" class=\"elementor-tab-content elementor-clearfix\" data-tab=\"4\" role=\"region\" aria-labelledby=\"elementor-tab-title-9484\"><p><b>Economic Geology<\/b><\/p><p><\/p><table border=\"0\" cellpadding=\"0\" cellspacing=\"0\" width=\"428\" style=\"width: 321pt;\"><colgroup> <col width=\"428\" style=\"mso-width-source: userset; mso-width-alt: 13696; width: 321pt;\" \/> <\/colgroup><tbody><tr height=\"60\" style=\"height: 45.0pt;\"><td height=\"60\" width=\"428\" style=\"height: 45.0pt; width: 321pt;\">1. Legal framework and valuation of geological information: the case of the Baran\u00f3w Sandomierski-Skopanie native sulfur deposit<\/td><\/tr><tr height=\"60\" style=\"height: 45.0pt;\"><td height=\"60\" width=\"428\" style=\"height: 45.0pt; width: 321pt;\">2. Raw material and sozological conditions for removing a deposit from the balance of mineral resources: the case of the Mi\u0119knia-Wsch\u00f3d porphyry deposit<\/td><\/tr><\/tbody><\/table><\/div>\n\t\t\t\t<\/div>\n\t\t\t\t\t\t\t<div class=\"elementor-toggle-item\">\n\t\t\t\t\t<div id=\"elementor-tab-title-9485\" class=\"elementor-tab-title\" data-tab=\"5\" role=\"button\" aria-controls=\"elementor-tab-content-9485\" aria-expanded=\"false\">\n\t\t\t\t\t\t\t\t\t\t\t\t<span class=\"elementor-toggle-icon elementor-toggle-icon-left\" aria-hidden=\"true\">\n\t\t\t\t\t\t\t\t\t\t\t\t\t\t\t<span class=\"elementor-toggle-icon-closed\"><i class=\"fas fa-caret-right\"><\/i><\/span>\n\t\t\t\t\t\t\t\t<span class=\"elementor-toggle-icon-opened\"><i class=\"elementor-toggle-icon-opened fas fa-caret-up\"><\/i><\/span>\n\t\t\t\t\t\t\t\t\t\t\t\t\t<\/span>\n\t\t\t\t\t\t\t\t\t\t\t\t<a class=\"elementor-toggle-title\" tabindex=\"0\">dr hab. in\u017c. Tomasz Tobo\u0142a, prof. AGH<\/a>\n\t\t\t\t\t<\/div>\n\n\t\t\t\t\t<div id=\"elementor-tab-content-9485\" class=\"elementor-tab-content elementor-clearfix\" data-tab=\"5\" role=\"region\" aria-labelledby=\"elementor-tab-title-9485\"><p><b>Economic Geology<\/b><\/p><div><p><\/p><table border=\"0\" cellpadding=\"0\" cellspacing=\"0\" width=\"428\" style=\"width: 321pt;\"><colgroup> <col width=\"428\" style=\"mso-width-source: userset; mso-width-alt: 13696; width: 321pt;\" \/> <\/colgroup><tbody><tr height=\"20\" style=\"height: 15.0pt;\"><td height=\"20\" width=\"428\" style=\"height: 15.0pt; width: 321pt;\">1. Petrology of the clayey salts from K\u0142odawa Salt Deposit<\/td><\/tr><tr height=\"40\" style=\"height: 30.0pt;\"><td height=\"40\" width=\"428\" style=\"height: 30.0pt; width: 321pt;\">2. Petrology and geochemistry of pink rock salt from K\u0142odawa Salt Deposit<\/td><\/tr><tr height=\"40\" style=\"height: 30.0pt;\"><td height=\"40\" width=\"428\" style=\"height: 30.0pt; width: 321pt;\">3. Petrological characteristics of pegmatite anhydrite from M-33 bore-hole in Mogilno dome.<\/td><\/tr><\/tbody><\/table><\/div><\/div>\n\t\t\t\t<\/div>\n\t\t\t\t\t\t\t<div class=\"elementor-toggle-item\">\n\t\t\t\t\t<div id=\"elementor-tab-title-9486\" class=\"elementor-tab-title\" data-tab=\"6\" role=\"button\" aria-controls=\"elementor-tab-content-9486\" aria-expanded=\"false\">\n\t\t\t\t\t\t\t\t\t\t\t\t<span class=\"elementor-toggle-icon elementor-toggle-icon-left\" aria-hidden=\"true\">\n\t\t\t\t\t\t\t\t\t\t\t\t\t\t\t<span class=\"elementor-toggle-icon-closed\"><i class=\"fas fa-caret-right\"><\/i><\/span>\n\t\t\t\t\t\t\t\t<span class=\"elementor-toggle-icon-opened\"><i class=\"elementor-toggle-icon-opened fas fa-caret-up\"><\/i><\/span>\n\t\t\t\t\t\t\t\t\t\t\t\t\t<\/span>\n\t\t\t\t\t\t\t\t\t\t\t\t<a class=\"elementor-toggle-title\" tabindex=\"0\">dr in\u017c. Monika Wasilewska-B\u0142aszczyk<\/a>\n\t\t\t\t\t<\/div>\n\n\t\t\t\t\t<div id=\"elementor-tab-content-9486\" class=\"elementor-tab-content elementor-clearfix\" data-tab=\"6\" role=\"region\" aria-labelledby=\"elementor-tab-title-9486\"><p><b>Economic Geology<br><br><\/b><\/p><table border=\"0\" cellpadding=\"0\" cellspacing=\"0\" width=\"428\" style=\"width: 321pt;\">\n <colgroup><col width=\"428\" style=\"mso-width-source:userset;mso-width-alt:13696;width:321pt\">\n <\/colgroup><tbody><tr height=\"40\" style=\"height:30.0pt\">\n  <td height=\"40\" width=\"428\" style=\"height:30.0pt;width:321pt\">1. Optimization\n  of the sampling density for the Cu-Ag Rudna deposit using geostatistical\n  methods<\/td>\n <\/tr>\n <tr height=\"40\" style=\"height:30.0pt\">\n  <td height=\"40\" width=\"428\" style=\"height:30.0pt;width:321pt\">2. Construction\n  and validation of 3D models of Cu content in the Rudna deposit using\n  different estimation techniques.<\/td>\n <\/tr><\/tbody><\/table><\/div>\n\t\t\t\t<\/div>\n\t\t\t\t\t\t\t\t<\/div>\n\t\t\t\t\t\t<\/div>\n\t\t\t\t<\/div>\n\t\t\t\t\t<\/div>\n\t\t<\/div>\n\t\t\t\t<div class=\"elementor-column elementor-col-25 elementor-top-column elementor-element elementor-element-00bc9f2\" data-id=\"00bc9f2\" data-element_type=\"column\" data-e-type=\"column\">\n\t\t\t<div class=\"elementor-widget-wrap\">\n\t\t\t\t\t\t\t<\/div>\n\t\t<\/div>\n\t\t\t\t\t<\/div>\n\t\t<\/section>\n\t\t\t\t<section class=\"elementor-section elementor-top-section elementor-element elementor-element-2d39bc2 elementor-section-full_width elementor-section-height-default elementor-section-height-default\" data-id=\"2d39bc2\" data-element_type=\"section\" data-e-type=\"section\">\n\t\t\t\t\t\t<div class=\"elementor-container elementor-column-gap-default\">\n\t\t\t\t\t<div class=\"elementor-column elementor-col-50 elementor-top-column elementor-element elementor-element-a1f9542\" data-id=\"a1f9542\" data-element_type=\"column\" data-e-type=\"column\">\n\t\t\t<div class=\"elementor-widget-wrap elementor-element-populated\">\n\t\t\t\t\t\t<div class=\"elementor-element elementor-element-eafd567 elementor-widget elementor-widget-html\" data-id=\"eafd567\" data-element_type=\"widget\" data-e-type=\"widget\" data-widget_type=\"html.default\">\n\t\t\t\t<div class=\"elementor-widget-container\">\n\t\t\t\t\t<style>\n    a.agh {\n        text-decoration: none;\n        color: black;\n        font-size: 0.7em;\n        font-weight: 600;\n        padding: 0px;\n    }\n    \n    a.wydzial {\n        text-decoration: none;\n        color: black;\n        font-size: 0.7em;\n        font-weight: 500;\n        padding: 0px;\n    }\n    .katedra {\n        color: black;\n        font-weight: 30;\n        font-size: 0.7em;\n        padding: 0px;\n        font-weight: 300;\n    }\n    \n    .stopka {\n        padding-left:40px;\n        padding-bottom: 20px;\n         line-height: 0.8em\n    }\n    \n<\/style>\n<div class=\"stopka\">\n    <a href=\"www.agh.agh.edu.pl\" class=\"agh\"> Akademia G\u00f3rniczo-Hutnicza im. Stanis\u0142awa Staszica w Krakowie\n    <\/a><br>\n    <a href=\"www.ggios.agh.edu.pl\" class=\"wydzial\"> Wydzia\u0142 Geologii, Geofizyki i Ochrony \u015arodowiska.\n    <\/a>\n    <br>\n    <span class=\"katedra\">\n    Katedra Geologii Z\u0142o\u017cowej i G\u00f3rniczej\n    <\/span>\n    <br>\n    <span class=\"katedra\">Al.Mickiewicza 30<\/span><br>\n    <span class=\"katedra\">30-059, Krak\u00f3w\n    <\/span>\n<\/div><br>\t\t\t\t<\/div>\n\t\t\t\t<\/div>\n\t\t\t\t\t<\/div>\n\t\t<\/div>\n\t\t\t\t<div class=\"elementor-column elementor-col-50 elementor-top-column elementor-element elementor-element-73b4f5f\" data-id=\"73b4f5f\" data-element_type=\"column\" data-e-type=\"column\">\n\t\t\t<div class=\"elementor-widget-wrap\">\n\t\t\t\t\t\t\t<\/div>\n\t\t<\/div>\n\t\t\t\t\t<\/div>\n\t\t<\/section>\n\t\t\t\t<section class=\"elementor-section elementor-top-section elementor-element elementor-element-fc8f362 elementor-section-full_width elementor-section-content-top elementor-section-stretched elementor-hidden-desktop elementor-hidden-tablet elementor-section-height-default elementor-section-height-default\" data-id=\"fc8f362\" data-element_type=\"section\" data-e-type=\"section\" data-settings=\"{&quot;stretch_section&quot;:&quot;section-stretched&quot;,&quot;background_background&quot;:&quot;classic&quot;}\">\n\t\t\t\t\t\t<div class=\"elementor-container elementor-column-gap-default\">\n\t\t\t\t\t<div class=\"elementor-column elementor-col-50 elementor-top-column elementor-element elementor-element-ed5d455\" data-id=\"ed5d455\" data-element_type=\"column\" data-e-type=\"column\">\n\t\t\t<div class=\"elementor-widget-wrap elementor-element-populated\">\n\t\t\t\t\t\t<div class=\"elementor-element elementor-element-189dfd5 elementor-widget elementor-widget-html\" data-id=\"189dfd5\" data-element_type=\"widget\" data-e-type=\"widget\" data-widget_type=\"html.default\">\n\t\t\t\t<div class=\"elementor-widget-container\">\n\t\t\t\t\t<style>\n    a.agh {\n        text-decoration: none;\n        color: black;\n        font-size: 0.7em;\n        font-weight: 600;\n        padding: 0px;\n    }\n    \n    a.wydzial {\n        text-decoration: none;\n        color: black;\n        font-size: 0.7em;\n        font-weight: 500;\n        padding: 0px;\n    }\n    .katedra {\n        color: black;\n        font-weight: 30;\n        font-size: 0.7em;\n        padding: 0px;\n        font-weight: 300;\n    }\n    \n    .stopka2 {\n        padding-left:40px;\n         line-height: 0.8em\n    }\n    \n<\/style>\n<div class=\"stopka2\">\n    <a href=\"www.agh.agh.edu.pl\" class=\"agh\"> Akademia G\u00f3rniczo-Hutnicza im. Stanis\u0142awa Staszica w Krakowie\n    <\/a><br>\n    <a href=\"www.ggios.agh.edu.pl\" class=\"wydzial\"> Wydzia\u0142 Geologii, Geofizyki i Ochrony \u015arodowiska.\n    <\/a>\n    <br>\n    <span class=\"katedra\">\n    Katedra Geologii Z\u0142o\u017cowej i G\u00f3rniczej\n    <\/span>\n    <br>\n    <span class=\"katedra\">Al.Mickiewicza 30<\/span><br>\n    <span class=\"katedra\">30-059, Krak\u00f3w\n    <\/span>\n<\/div><br>\t\t\t\t<\/div>\n\t\t\t\t<\/div>\n\t\t\t\t\t<\/div>\n\t\t<\/div>\n\t\t\t\t<div class=\"elementor-column elementor-col-50 elementor-top-column elementor-element elementor-element-5e3b469\" data-id=\"5e3b469\" data-element_type=\"column\" data-e-type=\"column\">\n\t\t\t<div class=\"elementor-widget-wrap\">\n\t\t\t\t\t\t\t<\/div>\n\t\t<\/div>\n\t\t\t\t\t<\/div>\n\t\t<\/section>\n\t\t\t\t<\/div>\n\t\t","protected":false},"excerpt":{"rendered":"<p>dr hab. in\u017c Barbara Bielowicz, prof. AGH Economic Geology 1. Chemical and mineralogical composition of selected fractions of bottom ashes from the Thermal Waste Treatment Plant in Krak\u00f3w 2. Analysis of the petrographic composition of lignite from Szczerc\u00f3w deposit 3. Analysis of the petrographic composition of coal from a selected [&hellip;]<\/p>\n","protected":false},"author":1,"featured_media":0,"parent":1029,"menu_order":0,"comment_status":"closed","ping_status":"closed","template":"page-templates\/template-pagebuilder-full-width.php","meta":{"_eb_attr":"","footnotes":""},"class_list":["post-1928","page","type-page","status-publish","hentry"],"_links":{"self":[{"href":"https:\/\/www.kgzig.agh.edu.pl\/index.php?rest_route=\/wp\/v2\/pages\/1928","targetHints":{"allow":["GET"]}}],"collection":[{"href":"https:\/\/www.kgzig.agh.edu.pl\/index.php?rest_route=\/wp\/v2\/pages"}],"about":[{"href":"https:\/\/www.kgzig.agh.edu.pl\/index.php?rest_route=\/wp\/v2\/types\/page"}],"author":[{"embeddable":true,"href":"https:\/\/www.kgzig.agh.edu.pl\/index.php?rest_route=\/wp\/v2\/users\/1"}],"replies":[{"embeddable":true,"href":"https:\/\/www.kgzig.agh.edu.pl\/index.php?rest_route=%2Fwp%2Fv2%2Fcomments&post=1928"}],"version-history":[{"count":20,"href":"https:\/\/www.kgzig.agh.edu.pl\/index.php?rest_route=\/wp\/v2\/pages\/1928\/revisions"}],"predecessor-version":[{"id":2253,"href":"https:\/\/www.kgzig.agh.edu.pl\/index.php?rest_route=\/wp\/v2\/pages\/1928\/revisions\/2253"}],"up":[{"embeddable":true,"href":"https:\/\/www.kgzig.agh.edu.pl\/index.php?rest_route=\/wp\/v2\/pages\/1029"}],"wp:attachment":[{"href":"https:\/\/www.kgzig.agh.edu.pl\/index.php?rest_route=%2Fwp%2Fv2%2Fmedia&parent=1928"}],"curies":[{"name":"wp","href":"https:\/\/api.w.org\/{rel}","templated":true}]}}